{"id":269,"date":"2025-04-16T17:42:30","date_gmt":"2025-04-16T15:42:30","guid":{"rendered":"https:\/\/eeudf.org\/annecy-chambery\/?page_id=269"},"modified":"2025-07-13T15:46:57","modified_gmt":"2025-07-13T13:46:57","slug":"les-aines-1iere-etape","status":"publish","type":"page","link":"https:\/\/eeudf.org\/annecy-chambery\/les-aines-1iere-etape\/","title":{"rendered":"Les A\u00een\u00e9s 1i\u00e8re \u00e9tape"},"content":{"rendered":"","protected":true},"excerpt":{"rendered":"","protected":true},"author":165,"featured_media":0,"parent":0,"menu_order":0,"comment_status":"closed","ping_status":"closed","template":"","meta":{"_acf_changed":false,"footnotes":""},"class_list":["post-269","page","type-page","status-publish","post-password-required","hentry"],"acf":[],"_links":{"self":[{"href":"https:\/\/eeudf.org\/annecy-chambery\/wp-json\/wp\/v2\/pages\/269"}],"collection":[{"href":"https:\/\/eeudf.org\/annecy-chambery\/wp-json\/wp\/v2\/pages"}],"about":[{"href":"https:\/\/eeudf.org\/annecy-chambery\/wp-json\/wp\/v2\/types\/page"}],"author":[{"embeddable":true,"href":"https:\/\/eeudf.org\/annecy-chambery\/wp-json\/wp\/v2\/users\/165"}],"replies":[{"embeddable":true,"href":"https:\/\/eeudf.org\/annecy-chambery\/wp-json\/wp\/v2\/comments?post=269"}],"version-history":[{"count":14,"href":"https:\/\/eeudf.org\/annecy-chambery\/wp-json\/wp\/v2\/pages\/269\/revisions"}],"predecessor-version":[{"id":1059,"href":"https:\/\/eeudf.org\/annecy-chambery\/wp-json\/wp\/v2\/pages\/269\/revisions\/1059"}],"wp:attachment":[{"href":"https:\/\/eeudf.org\/annecy-chambery\/wp-json\/wp\/v2\/media?parent=269"}],"curies":[{"name":"wp","href":"https:\/\/api.w.org\/{rel}","templated":true}]}}