{"id":204,"date":"2025-11-03T21:31:35","date_gmt":"2025-11-03T20:31:35","guid":{"rendered":"https:\/\/eeudf.org\/melle\/?page_id=204"},"modified":"2025-11-03T21:35:08","modified_gmt":"2025-11-03T20:35:08","slug":"premieres-activites-de-lannee","status":"publish","type":"page","link":"https:\/\/eeudf.org\/melle\/activites\/premieres-activites-de-lannee\/","title":{"rendered":"Premi\u00e8res activit\u00e9s de l&rsquo;ann\u00e9e"},"content":{"rendered":"","protected":false},"excerpt":{"rendered":"","protected":false},"author":95,"featured_media":0,"parent":88,"menu_order":0,"comment_status":"closed","ping_status":"closed","template":"","meta":{"_acf_changed":false,"footnotes":""},"class_list":["post-204","page","type-page","status-publish","hentry"],"acf":[],"_links":{"self":[{"href":"https:\/\/eeudf.org\/melle\/wp-json\/wp\/v2\/pages\/204"}],"collection":[{"href":"https:\/\/eeudf.org\/melle\/wp-json\/wp\/v2\/pages"}],"about":[{"href":"https:\/\/eeudf.org\/melle\/wp-json\/wp\/v2\/types\/page"}],"author":[{"embeddable":true,"href":"https:\/\/eeudf.org\/melle\/wp-json\/wp\/v2\/users\/95"}],"replies":[{"embeddable":true,"href":"https:\/\/eeudf.org\/melle\/wp-json\/wp\/v2\/comments?post=204"}],"version-history":[{"count":5,"href":"https:\/\/eeudf.org\/melle\/wp-json\/wp\/v2\/pages\/204\/revisions"}],"predecessor-version":[{"id":220,"href":"https:\/\/eeudf.org\/melle\/wp-json\/wp\/v2\/pages\/204\/revisions\/220"}],"up":[{"embeddable":true,"href":"https:\/\/eeudf.org\/melle\/wp-json\/wp\/v2\/pages\/88"}],"wp:attachment":[{"href":"https:\/\/eeudf.org\/melle\/wp-json\/wp\/v2\/media?parent=204"}],"curies":[{"name":"wp","href":"https:\/\/api.w.org\/{rel}","templated":true}]}}