{"id":1299,"date":"2015-01-13T19:02:25","date_gmt":"2015-01-13T18:02:25","guid":{"rendered":"http:\/\/eeudf.org\/nord\/?page_id=98"},"modified":"2015-01-13T19:02:25","modified_gmt":"2015-01-13T18:02:25","slug":"equipe-regionale","status":"publish","type":"page","link":"https:\/\/eeudf.org\/nord\/equipe-regionale\/","title":{"rendered":"Le territoire et l&rsquo;\u00e9quipe"},"content":{"rendered":"<p><strong>Les EEUdF ont un d\u00e9coupage par r\u00e9gions, \u00e0 la t\u00eate desquelles, une \u00e9quipe de b\u00e9n\u00e9voles oeuvre pour la bonne gestion des diff\u00e9rents groupes en place sur leur territoire.<\/strong><br \/>\n<img loading=\"lazy\" decoding=\"async\" class=\"aligncenter wp-image-115 size-medium\" src=\"http:\/\/eeudf.org\/nord\/wp-content\/uploads\/sites\/3\/2015\/01\/r\u00e9gion-Nord-300x169.jpg\" alt=\"r\u00e9gion Nord\" width=\"300\" height=\"169\" \/><br \/>\n<small>Afficher <a style=\"color: #0000ff;text-align: left\" href=\"https:\/\/maps.google.fr\/maps\/ms?msid=214133646923847786586.00048f36e32545b255871&amp;msa=0&amp;source=embed&amp;ie=UTF8&amp;t=m&amp;ll=50.148746,3.636475&amp;spn=4.238501,10.821533\" target=\"_blank\" rel=\"noopener\">EEUdF Nord<\/a> sur une carte plus grande<\/small><\/p>\n<p>La R\u00e9gion Nord des EEUdF regroupe les d\u00e9partements de : l&rsquo;Aisne, les Ardennes, le Nord, la Marne, l&rsquo;Oise, le Pas-de-Calais et la Somme.<\/p>\n<p><strong>Notre \u00e9quipe r\u00e9gionale se compose de\u00a0:<\/strong><\/p>\n<div id=\"attachment_802\" style=\"width: 240px\" class=\"wp-caption alignleft\"><a href=\"http:\/\/eeudf.org\/nord\/wp-content\/uploads\/sites\/3\/2016\/10\/weedy1.png\"><img loading=\"lazy\" decoding=\"async\" aria-describedby=\"caption-attachment-802\" class=\"wp-image-802 size-medium\" src=\"http:\/\/eeudf.org\/nord\/wp-content\/uploads\/sites\/3\/2016\/10\/weedy1-230x300.png\" alt=\"weedy1\" width=\"230\" height=\"300\" srcset=\"https:\/\/eeudf.org\/nord\/wp-content\/uploads\/sites\/29\/2016\/10\/weedy1-230x300.png 230w, https:\/\/eeudf.org\/nord\/wp-content\/uploads\/sites\/29\/2016\/10\/weedy1.png 415w\" sizes=\"(max-width: 230px) 100vw, 230px\" \/><\/a><p id=\"caption-attachment-802\" class=\"wp-caption-text\">C\u00e9line, alias Weedy<\/p><\/div>\n<p>&nbsp;<\/p>\n<p><span style=\"color: #339966\">Weedy &#8211; Coordinatrice r\u00e9gionale<\/span><\/p>\n<p>Ses missions : elle est garante de l&rsquo;organisation des activit\u00e9s, elle accompagne et coordonne l&rsquo;\u00e9quipe r\u00e9gionale, elle est le relai privil\u00e9gi\u00e9 avec l&rsquo;\u00e9quipe nationale.<\/p>\n<p>Ses plus grandes passions :\u00a0g\u00e9rer les situations les plus rocambolesques gr\u00e2ce \u00e0 son \u00e9coute et ses d\u00e9cisions r\u00e9fl\u00e9chies, en lan\u00e7ant des blagues de son cru.<\/p>\n<p>Une question \u00e0 lui poser ?\u00a0<a href=\"mailto:celine.pailloud@eeudf.org\">celine.pailloud@eeudf.org<\/a><\/p>\n<p>&nbsp;<\/p>\n<p>&nbsp;<\/p>\n<p>&nbsp;<\/p>\n<p>&nbsp;<\/p>\n<p>&nbsp;<\/p>\n<div id=\"attachment_805\" style=\"width: 310px\" class=\"wp-caption alignleft\"><a href=\"http:\/\/eeudf.org\/nord\/wp-content\/uploads\/sites\/3\/2016\/10\/vincent1.jpg\"><img loading=\"lazy\" decoding=\"async\" aria-describedby=\"caption-attachment-805\" class=\"wp-image-805 size-medium\" src=\"http:\/\/eeudf.org\/nord\/wp-content\/uploads\/sites\/3\/2016\/10\/vincent1-300x289.jpg\" alt=\"vincent1\" width=\"300\" height=\"289\" srcset=\"https:\/\/eeudf.org\/nord\/wp-content\/uploads\/sites\/29\/2016\/10\/vincent1-300x289.jpg 300w, https:\/\/eeudf.org\/nord\/wp-content\/uploads\/sites\/29\/2016\/10\/vincent1.jpg 449w\" sizes=\"(max-width: 300px) 100vw, 300px\" \/><\/a><p id=\"caption-attachment-805\" class=\"wp-caption-text\">Vincent<\/p><\/div>\n<p>&nbsp;<\/p>\n<p><span style=\"color: #3366ff\">Vincent &#8211; Tr\u00e9sorier r\u00e9gional<\/span><\/p>\n<p>Ses missions : il suit et g\u00e8re la tr\u00e9sorerie de la r\u00e9gion Nord et accompagne les tr\u00e9soriers locaux.<\/p>\n<p>Ses plus grandes passions : regarder\/jouer\u00a0une partie de\u00a0tennis en buvant du Coca et faire rire son entourage.<\/p>\n<p>Une question \u00e0 lui poser ? <a href=\"mailto:vincent.dhouailly@eeudf.org\">vincent.dhouailly@eeudf.org<\/a><\/p>\n<p>&nbsp;<\/p>\n<p>&nbsp;<\/p>\n<p>&nbsp;<\/p>\n<p>&nbsp;<\/p>\n<p>&nbsp;<\/p>\n<p>&nbsp;<\/p>\n<div id=\"attachment_807\" style=\"width: 163px\" class=\"wp-caption alignleft\"><a href=\"http:\/\/eeudf.org\/nord\/wp-content\/uploads\/sites\/3\/2016\/10\/celine1.jpg\"><img loading=\"lazy\" decoding=\"async\" aria-describedby=\"caption-attachment-807\" class=\"wp-image-807 size-medium\" src=\"http:\/\/eeudf.org\/nord\/wp-content\/uploads\/sites\/3\/2016\/10\/celine1-153x300.jpg\" alt=\"celine1\" width=\"153\" height=\"300\" srcset=\"https:\/\/eeudf.org\/nord\/wp-content\/uploads\/sites\/29\/2016\/10\/celine1-153x300.jpg 153w, https:\/\/eeudf.org\/nord\/wp-content\/uploads\/sites\/29\/2016\/10\/celine1.jpg 341w\" sizes=\"(max-width: 153px) 100vw, 153px\" \/><\/a><p id=\"caption-attachment-807\" class=\"wp-caption-text\">C\u00e9line<\/p><\/div>\n<p>&nbsp;<\/p>\n<p><span style=\"color: #ff9900\">C\u00e9line &#8211; \u00c9quipi\u00e8re r\u00e9gionale formation<\/span><\/p>\n<p>Ses missions : elle suit la formation des responsables de la r\u00e9gion et coordonne les temps de formation r\u00e9gionaux.<\/p>\n<p>Ses plus grandes passions : elle poss\u00e8de la patience de ceux pour qui les Scouts est avant tout une passion.<\/p>\n<p>Une question \u00e0 lui poser ? <a href=\"mailto:celine.miclet@eeudf.org\">celine.miclet@eeudf.org<\/a><\/p>\n<p>&nbsp;<\/p>\n<p>&nbsp;<\/p>\n<p>&nbsp;<\/p>\n<p>&nbsp;<\/p>\n<p>&nbsp;<\/p>\n<div id=\"attachment_419\" style=\"width: 160px\" class=\"wp-caption alignleft\"><a href=\"http:\/\/eeudf.org\/nord\/wp-content\/uploads\/sites\/3\/2015\/01\/IMG_0028.jpg\"><img loading=\"lazy\" decoding=\"async\" aria-describedby=\"caption-attachment-419\" class=\"wp-image-419 size-thumbnail\" src=\"http:\/\/eeudf.org\/nord\/wp-content\/uploads\/sites\/3\/2015\/01\/IMG_0028-150x150.jpg\" alt=\"IMG_0028\" width=\"150\" height=\"150\" \/><\/a><p id=\"caption-attachment-419\" class=\"wp-caption-text\">Flavien<\/p><\/div>\n<p><span style=\"color: #800080\">Flavien &#8211; \u00c9quipier r\u00e9gional ressources<\/span><\/p>\n<p>Ses missions : harmoniser les pratiques et cr\u00e9er des outils de suivi.<\/p>\n<p>Ses plus grandes passions : son franc-parler et son honn\u00eatet\u00e9 sous le bras, il bouscule les pratiques et imagine tel un inventeur de g\u00e9nie.<\/p>\n<p>Une question \u00e0 lui poser ? <a href=\"mailto:flavien.corbon@eeudf.org\">flavien.corbon@eeudf.org<\/a><\/p>\n<p>&nbsp;<\/p>\n<p>&nbsp;<\/p>\n<p>&nbsp;<\/p>\n<div id=\"attachment_729\" style=\"width: 310px\" class=\"wp-caption alignleft\"><a href=\"http:\/\/eeudf.org\/nord\/wp-content\/uploads\/sites\/3\/2016\/09\/IMG_0034-1.jpg\"><img loading=\"lazy\" decoding=\"async\" aria-describedby=\"caption-attachment-729\" class=\"wp-image-729 size-medium\" src=\"http:\/\/eeudf.org\/nord\/wp-content\/uploads\/sites\/3\/2016\/09\/IMG_0034-1-300x225.jpg\" alt=\"img_0034\" width=\"300\" height=\"225\" srcset=\"https:\/\/eeudf.org\/nord\/wp-content\/uploads\/sites\/29\/2016\/09\/IMG_0034-1-300x225.jpg 300w, https:\/\/eeudf.org\/nord\/wp-content\/uploads\/sites\/29\/2016\/09\/IMG_0034-1-1024x768.jpg 1024w, https:\/\/eeudf.org\/nord\/wp-content\/uploads\/sites\/29\/2016\/09\/IMG_0034-1-768x576.jpg 768w, https:\/\/eeudf.org\/nord\/wp-content\/uploads\/sites\/29\/2016\/09\/IMG_0034-1-1536x1152.jpg 1536w, https:\/\/eeudf.org\/nord\/wp-content\/uploads\/sites\/29\/2016\/09\/IMG_0034-1-2048x1536.jpg 2048w\" sizes=\"(max-width: 300px) 100vw, 300px\" \/><\/a><p id=\"caption-attachment-729\" class=\"wp-caption-text\">Pauline<\/p><\/div>\n<p>&nbsp;<\/p>\n<p><span style=\"color: #ff0000\">Pauline &#8211; Administratrice<\/span><\/p>\n<p>Ses missions : repr\u00e9senter la r\u00e9gion nord au Conseil d\u2019Administration.<\/p>\n<p>Ses plus grandes passions : elle a quitt\u00e9 son Toulouse natal pour venir nous apporter le soleil \u00e0 Lille, foulard et suggestions\u00a0pertinentes\u00a0autour du cou.<\/p>\n<p>Une question \u00e0 lui poser ? <a href=\"mailto:pauline.coustols@orange.fr\">pauline.coustols@orange.fr<\/a><\/p>\n<p>&nbsp;<\/p>\n<p>&nbsp;<\/p>\n<p>&nbsp;<\/p>\n<div id=\"attachment_809\" style=\"width: 310px\" class=\"wp-caption alignleft\"><a href=\"http:\/\/eeudf.org\/nord\/wp-content\/uploads\/sites\/3\/2016\/10\/violette1.jpg\"><img loading=\"lazy\" decoding=\"async\" aria-describedby=\"caption-attachment-809\" class=\"wp-image-809 size-medium\" src=\"http:\/\/eeudf.org\/nord\/wp-content\/uploads\/sites\/3\/2016\/10\/violette1-300x253.jpg\" alt=\"violette1\" width=\"300\" height=\"253\" srcset=\"https:\/\/eeudf.org\/nord\/wp-content\/uploads\/sites\/29\/2016\/10\/violette1-300x253.jpg 300w, https:\/\/eeudf.org\/nord\/wp-content\/uploads\/sites\/29\/2016\/10\/violette1.jpg 525w\" sizes=\"(max-width: 300px) 100vw, 300px\" \/><\/a><p id=\"caption-attachment-809\" class=\"wp-caption-text\">Violette<\/p><\/div>\n<p>&nbsp;<\/p>\n<p><span style=\"color: #ffcc00\">Violette &#8211; \u00c9quipi\u00e8re r\u00e9gionale suivi<\/span><\/p>\n<p>Ses missions : elle accompagne les \u00e9quipes d&rsquo;a\u00een\u00e9s dans leur p\u00e9dagogie, suit Reims et Douai, accompagne les \u00e9quipes locales.<\/p>\n<p>Ses plus grandes passions : fourmillant de nouvelles id\u00e9es, elle aime chanter jusqu&rsquo;au petit matin autour d&rsquo;une guitare, particuli\u00e8rement pendant les camps.<\/p>\n<p>Une question \u00e0 lui poser ? <a href=\"mailto:vio.net@live.fr\">vio.net@live.fr<\/a><\/p>\n<p>&nbsp;<\/p>\n<p>&nbsp;<\/p>\n<p>&nbsp;<\/p>\n<div id=\"attachment_815\" style=\"width: 237px\" class=\"wp-caption alignleft\"><a href=\"http:\/\/eeudf.org\/nord\/wp-content\/uploads\/sites\/3\/2016\/10\/lucille1.png\"><img loading=\"lazy\" decoding=\"async\" aria-describedby=\"caption-attachment-815\" class=\"wp-image-815 size-medium\" src=\"http:\/\/eeudf.org\/nord\/wp-content\/uploads\/sites\/3\/2016\/10\/lucille1-227x300.png\" alt=\"lucille1\" width=\"227\" height=\"300\" srcset=\"https:\/\/eeudf.org\/nord\/wp-content\/uploads\/sites\/29\/2016\/10\/lucille1-227x300.png 227w, https:\/\/eeudf.org\/nord\/wp-content\/uploads\/sites\/29\/2016\/10\/lucille1.png 384w\" sizes=\"(max-width: 227px) 100vw, 227px\" \/><\/a><p id=\"caption-attachment-815\" class=\"wp-caption-text\">Lucille<\/p><\/div>\n<p>&nbsp;<\/p>\n<p><span style=\"color: #ff00ff\">Lucille &#8211; \u00c9quipi\u00e8re r\u00e9gionale communication et\u00a0d\u00e9veloppement<\/span><\/p>\n<p>Ses missions : elle communication aupr\u00e8s des responsables et aupr\u00e8s des partenaires, elle anime le blog et les r\u00e9seaux sociaux, elle suit Lille et Maubeuge et accompagne les \u00e9quipes locales.<\/p>\n<p>Ses plus grandes passions :\u00a0elle porte l&rsquo;appareil photo avec autant de passion que le foulard et aime jongler entre les supports de communication.<\/p>\n<p>Une question \u00e0 lui poser ? <a href=\"mailto:comnord@eeudf.org\">comnord@eeudf.org<\/a><\/p>\n<p>&nbsp;<\/p>\n<p>&nbsp;<\/p>\n<p>&nbsp;<\/p>\n<p>&nbsp;<\/p>\n<p>Bienvenue, et bonne lecture sur\u00a0notre site ! Pour nous contacter, c&rsquo;est par <a href=\"http:\/\/eeudf.org\/nord\/?p=263\" target=\"_blank\" rel=\"noopener\">ICI<\/a>.<\/p>\n<div id=\"attachment_816\" style=\"width: 310px\" class=\"wp-caption aligncenter\"><a href=\"http:\/\/eeudf.org\/nord\/wp-content\/uploads\/sites\/3\/2016\/10\/IMG_0043.jpg\"><img loading=\"lazy\" decoding=\"async\" aria-describedby=\"caption-attachment-816\" class=\"wp-image-816 size-medium\" src=\"http:\/\/eeudf.org\/nord\/wp-content\/uploads\/sites\/3\/2016\/10\/IMG_0043-300x225.jpg\" width=\"300\" height=\"225\" srcset=\"https:\/\/eeudf.org\/nord\/wp-content\/uploads\/sites\/29\/2016\/10\/IMG_0043-300x225.jpg 300w, https:\/\/eeudf.org\/nord\/wp-content\/uploads\/sites\/29\/2016\/10\/IMG_0043-1024x768.jpg 1024w, https:\/\/eeudf.org\/nord\/wp-content\/uploads\/sites\/29\/2016\/10\/IMG_0043-768x576.jpg 768w, https:\/\/eeudf.org\/nord\/wp-content\/uploads\/sites\/29\/2016\/10\/IMG_0043-1536x1152.jpg 1536w, https:\/\/eeudf.org\/nord\/wp-content\/uploads\/sites\/29\/2016\/10\/IMG_0043-2048x1536.jpg 2048w\" sizes=\"(max-width: 300px) 100vw, 300px\" \/><\/a><p id=\"caption-attachment-816\" class=\"wp-caption-text\">L&rsquo;\u00e9quipe r\u00e9gionale presque au complet !<\/p><\/div>\n","protected":false},"excerpt":{"rendered":"<p>Les EEUdF ont un d\u00e9coupage par r\u00e9gions, \u00e0 la t\u00eate desquelles, une \u00e9quipe de b\u00e9n\u00e9voles oeuvre pour la bonne gestion [&hellip;]<\/p>\n","protected":false},"author":3,"featured_media":816,"parent":0,"menu_order":0,"comment_status":"open","ping_status":"open","template":"","meta":{"_acf_changed":false,"footnotes":""},"class_list":["post-1299","page","type-page","status-publish","has-post-thumbnail","hentry"],"acf":[],"_links":{"self":[{"href":"https:\/\/eeudf.org\/nord\/wp-json\/wp\/v2\/pages\/1299"}],"collection":[{"href":"https:\/\/eeudf.org\/nord\/wp-json\/wp\/v2\/pages"}],"about":[{"href":"https:\/\/eeudf.org\/nord\/wp-json\/wp\/v2\/types\/page"}],"author":[{"embeddable":true,"href":"https:\/\/eeudf.org\/nord\/wp-json\/wp\/v2\/users\/3"}],"replies":[{"embeddable":true,"href":"https:\/\/eeudf.org\/nord\/wp-json\/wp\/v2\/comments?post=1299"}],"version-history":[{"count":0,"href":"https:\/\/eeudf.org\/nord\/wp-json\/wp\/v2\/pages\/1299\/revisions"}],"wp:featuredmedia":[{"embeddable":true,"href":"https:\/\/eeudf.org\/nord\/wp-json\/wp\/v2\/media\/816"}],"wp:attachment":[{"href":"https:\/\/eeudf.org\/nord\/wp-json\/wp\/v2\/media?parent=1299"}],"curies":[{"name":"wp","href":"https:\/\/api.w.org\/{rel}","templated":true}]}}