{"id":27,"date":"2015-09-13T19:52:12","date_gmt":"2015-09-13T18:52:12","guid":{"rendered":"http:\/\/eeudf.org\/yvelines\/?page_id=27"},"modified":"2025-04-01T17:08:47","modified_gmt":"2025-04-01T15:08:47","slug":"formation","status":"publish","type":"page","link":"https:\/\/eeudf.org\/yvelines\/formation\/","title":{"rendered":"Formation"},"content":{"rendered":"<p>Ici tu trouveras toutes les informations ou liens concernant la formation aux EEUdF et en r\u00e9gion Yvelines.<\/p>\n<p><strong>Qu&rsquo;est ce que la formation aux EEUdF?<\/strong><\/p>\n<p>En cliquant sur le lien, tu auras toutes les informations g\u00e9n\u00e9rales concernant\u00a0<a href=\"http:\/\/eeudf.org\/formations\/\" target=\"_blank\" rel=\"noopener noreferrer\">La formation aux EEUdF<\/a>\u00a0.<\/p>\n<p><strong>Envie de devenir animateur aux EEUdF et de passer le BAFA <\/strong>(Brevet d&rsquo;Aptitude aux Fonctions d&rsquo;Animateur)<strong>?<\/strong><\/p>\n<p>Sur le lien\u00a0<a href=\"http:\/\/eeudf.org\/formations\/devenir-animateur\/\" target=\"_blank\" rel=\"noopener noreferrer\">Devenir animateur<\/a>, tu auras \u00e0 ta disposition toutes les informations pour le faire et notamment:<\/p>\n<ul>\n<li>Les \u00a0conditions d&rsquo;entr\u00e9e en stage.<\/li>\n<li>La dur\u00e9e du stage.<\/li>\n<li>Les objectifs du stage.<\/li>\n<\/ul>\n<p><strong>Envie de devenir directeur aux EEUdF et de passer la licence de camp ou le BAFD<\/strong> ( Brevet d&rsquo;Aptitude aux Fonctions de Directeur)<strong>?<\/strong><\/p>\n<p>Sur le lien\u00a0<a href=\"http:\/\/eeudf.org\/formations\/devenir-directeur\/\" target=\"_blank\" rel=\"noopener noreferrer\">Devenir directeur<\/a>, tu trouveras les informations n\u00e9cessaire pour le faire et notamment:<\/p>\n<ul>\n<li>Les \u00a0conditions d&rsquo;entr\u00e9e en stage.<\/li>\n<li>La dur\u00e9e du stage.<\/li>\n<li>Les objectifs de formations.<\/li>\n<li>La possibilit\u00e9 d&rsquo;\u00e9quivalence.<\/li>\n<\/ul>\n<p><strong>Quels sont les stages de formation propos\u00e9s cette ann\u00e9e ?<\/strong><\/p>\n<p>Sur le lien <a href=\"http:\/\/eeudf.org\/formations\/programmation\/\" target=\"_blank\" rel=\"noopener noreferrer\">Programmation Nationale<\/a>, tu trouveras:<\/p>\n<ul>\n<li>La programmation des stages nationaux (Base BAFA, approfondissement ou perfectionnement BAFA, directeur du scoutisme fran\u00e7ais).<\/li>\n<li>Les pr\u00e9-requis n\u00e9cessaires pour pouvoir s&rsquo;inscrire \u00e0 chaque stage.<\/li>\n<li>Les tarifs des diff\u00e9rents stages.<\/li>\n<li>La th\u00e9matique des stages.<\/li>\n<li>Les dates et lieux de tous les stages.<\/li>\n<\/ul>\n<p><strong>Comment s\u2019inscrire \u00e0 un stage de formation ou aupr\u00e8s de jeunesse et sport?<\/strong><\/p>\n<p>Sur le lien\u00a0<a href=\"http:\/\/eeudf.org\/formations\/sinscrire\/\" target=\"_blank\" rel=\"noopener noreferrer\">S&rsquo;inscrire<\/a>, tu auras toutes les indications pour t&rsquo;inscrire \u00e0 un stage du mouvement et cr\u00e9er ton dossier de BAFA ou BAFD <em>obligatoire<\/em> aupr\u00e8s de jeunesse et sport.<\/p>\n<p><strong>Une envie de transmettre tes connaissances en animation?<\/strong><\/p>\n<p>Tu peux devenir formateur au sein des stages de formation EEUdF, mais pour cela il faut te former!<\/p>\n<p>Sur le lien\u00a0<a href=\"http:\/\/eeudf.org\/formations\/devenir-formateur\/\" target=\"_blank\" rel=\"noopener noreferrer\">Devenir formateur<\/a>, tu trouveras:<\/p>\n<ul>\n<li>Les conditions d&rsquo;entr\u00e9e en formation de formateur ou de responsable de stage.<\/li>\n<li>Le parcours de formation.<\/li>\n<li>Les crit\u00e8res d&rsquo;obtention du titre.<\/li>\n<li>La dur\u00e9e de validit\u00e9 et le renouvellement de ce titre.<\/li>\n<li>Les objectifs de formation.<\/li>\n<li>Se situer en tant que formateur.<\/li>\n<li>Prendre en charge sa formation personnelle.<\/li>\n<\/ul>\n<p><strong>Un projet \u00e0 l&rsquo;international?\u00a0<\/strong><\/p>\n<p>Sur le lien\u00a0<a href=\"http:\/\/eeudf.org\/formations\/fosoli\/\" target=\"_blank\" rel=\"noopener noreferrer\">FOSOLI<\/a>, tu auras toutes les informations concernant la FOrmation \u00e0 la SOLidarit\u00e9 Internationale, qui est une formation <em>obligatoire<\/em>\u00a0pour les responsables et les ain\u00e9s qui montent des projets vers l&rsquo;international.<\/p>\n<p><strong>Des questions sur le financement de ton stage de formation?<\/strong><\/p>\n<p>Sur le lien\u00a0<a href=\"http:\/\/eeudf.org\/formations\/aides-au-financement\/\" target=\"_blank\" rel=\"noopener noreferrer\">Aides au financement<\/a>, tu trouveras des id\u00e9es et des indications pour t&rsquo;aider \u00e0 financer ton stage de formation!<\/p>\n<p>De plus, la r\u00e9gion Yvelines \u00a0EEUdF te subventionne ton stage de formation BAFA (base ou approfondissement) ou BAFD ! Demande nous ! Alors n&rsquo;h\u00e9site pas \u00e0 demander cette aide et surtout n&rsquo;oublie pas d&rsquo;envoyer un e-mail!<\/p>\n<p>&#8211;&gt; eeudf.yvelines@gmail.com<\/p>\n","protected":false},"excerpt":{"rendered":"<p>Ici tu trouveras toutes les informations ou liens concernant la formation aux EEUdF et en r\u00e9gion Yvelines. Qu&rsquo;est ce que [&hellip;]<\/p>\n","protected":false},"author":3,"featured_media":0,"parent":0,"menu_order":2,"comment_status":"open","ping_status":"open","template":"","meta":{"_acf_changed":false,"footnotes":""},"class_list":["post-27","page","type-page","status-publish","hentry"],"acf":[],"_links":{"self":[{"href":"https:\/\/eeudf.org\/yvelines\/wp-json\/wp\/v2\/pages\/27"}],"collection":[{"href":"https:\/\/eeudf.org\/yvelines\/wp-json\/wp\/v2\/pages"}],"about":[{"href":"https:\/\/eeudf.org\/yvelines\/wp-json\/wp\/v2\/types\/page"}],"author":[{"embeddable":true,"href":"https:\/\/eeudf.org\/yvelines\/wp-json\/wp\/v2\/users\/3"}],"replies":[{"embeddable":true,"href":"https:\/\/eeudf.org\/yvelines\/wp-json\/wp\/v2\/comments?post=27"}],"version-history":[{"count":2,"href":"https:\/\/eeudf.org\/yvelines\/wp-json\/wp\/v2\/pages\/27\/revisions"}],"predecessor-version":[{"id":774,"href":"https:\/\/eeudf.org\/yvelines\/wp-json\/wp\/v2\/pages\/27\/revisions\/774"}],"wp:attachment":[{"href":"https:\/\/eeudf.org\/yvelines\/wp-json\/wp\/v2\/media?parent=27"}],"curies":[{"name":"wp","href":"https:\/\/api.w.org\/{rel}","templated":true}]}}

<p>Ici tu trouveras toutes les informations ou liens concernant la formation aux EEUdF et en région Yvelines.</p>
<p><strong>Qu&rsquo;est ce que la formation aux EEUdF?</strong></p>
<p>En cliquant sur le lien, tu auras toutes les informations générales concernant <a href="http://eeudf.org/formations/" target="_blank" rel="noopener noreferrer">La formation aux EEUdF</a> .</p>
<p><strong>Envie de devenir animateur aux EEUdF et de passer le BAFA </strong>(Brevet d&rsquo;Aptitude aux Fonctions d&rsquo;Animateur)<strong>?</strong></p>
<p>Sur le lien <a href="http://eeudf.org/formations/devenir-animateur/" target="_blank" rel="noopener noreferrer">Devenir animateur</a>, tu auras à ta disposition toutes les informations pour le faire et notamment:</p>
<ul>
<li>Les  conditions d&rsquo;entrée en stage.</li>
<li>La durée du stage.</li>
<li>Les objectifs du stage.</li>
</ul>
<p><strong>Envie de devenir directeur aux EEUdF et de passer la licence de camp ou le BAFD</strong> ( Brevet d&rsquo;Aptitude aux Fonctions de Directeur)<strong>?</strong></p>
<p>Sur le lien <a href="http://eeudf.org/formations/devenir-directeur/" target="_blank" rel="noopener noreferrer">Devenir directeur</a>, tu trouveras les informations nécessaire pour le faire et notamment:</p>
<ul>
<li>Les  conditions d&rsquo;entrée en stage.</li>
<li>La durée du stage.</li>
<li>Les objectifs de formations.</li>
<li>La possibilité d&rsquo;équivalence.</li>
</ul>
<p><strong>Quels sont les stages de formation proposés cette année ?</strong></p>
<p>Sur le lien <a href="http://eeudf.org/formations/programmation/" target="_blank" rel="noopener noreferrer">Programmation Nationale</a>, tu trouveras:</p>
<ul>
<li>La programmation des stages nationaux (Base BAFA, approfondissement ou perfectionnement BAFA, directeur du scoutisme français).</li>
<li>Les pré-requis nécessaires pour pouvoir s&rsquo;inscrire à chaque stage.</li>
<li>Les tarifs des différents stages.</li>
<li>La thématique des stages.</li>
<li>Les dates et lieux de tous les stages.</li>
</ul>
<p><strong>Comment s’inscrire à un stage de formation ou auprès de jeunesse et sport?</strong></p>
<p>Sur le lien <a href="http://eeudf.org/formations/sinscrire/" target="_blank" rel="noopener noreferrer">S&rsquo;inscrire</a>, tu auras toutes les indications pour t&rsquo;inscrire à un stage du mouvement et créer ton dossier de BAFA ou BAFD <em>obligatoire</em> auprès de jeunesse et sport.</p>
<p><strong>Une envie de transmettre tes connaissances en animation?</strong></p>
<p>Tu peux devenir formateur au sein des stages de formation EEUdF, mais pour cela il faut te former!</p>
<p>Sur le lien <a href="http://eeudf.org/formations/devenir-formateur/" target="_blank" rel="noopener noreferrer">Devenir formateur</a>, tu trouveras:</p>
<ul>
<li>Les conditions d&rsquo;entrée en formation de formateur ou de responsable de stage.</li>
<li>Le parcours de formation.</li>
<li>Les critères d&rsquo;obtention du titre.</li>
<li>La durée de validité et le renouvellement de ce titre.</li>
<li>Les objectifs de formation.</li>
<li>Se situer en tant que formateur.</li>
<li>Prendre en charge sa formation personnelle.</li>
</ul>
<p><strong>Un projet à l&rsquo;international? </strong></p>
<p>Sur le lien <a href="http://eeudf.org/formations/fosoli/" target="_blank" rel="noopener noreferrer">FOSOLI</a>, tu auras toutes les informations concernant la FOrmation à la SOLidarité Internationale, qui est une formation <em>obligatoire</em> pour les responsables et les ainés qui montent des projets vers l&rsquo;international.</p>
<p><strong>Des questions sur le financement de ton stage de formation?</strong></p>
<p>Sur le lien <a href="http://eeudf.org/formations/aides-au-financement/" target="_blank" rel="noopener noreferrer">Aides au financement</a>, tu trouveras des idées et des indications pour t&rsquo;aider à financer ton stage de formation!</p>
<p>De plus, la région Yvelines  EEUdF te subventionne ton stage de formation BAFA (base ou approfondissement) ou BAFD ! Demande nous ! Alors n&rsquo;hésite pas à demander cette aide et surtout n&rsquo;oublie pas d&rsquo;envoyer un e-mail!</p>
<p>&#8211;&gt; eeudf.yvelines@gmail.com</p>

<p>Ici tu trouveras toutes les informations ou liens concernant la formation aux EEUdF et en région Yvelines. Qu&rsquo;est ce que [&hellip;]</p>
